{"id":445,"date":"2025-04-21T21:24:38","date_gmt":"2025-04-21T21:24:38","guid":{"rendered":"https:\/\/agenciaideall.com.br\/cruzeirocarnes\/?post_type=product&#038;p=445"},"modified":"2025-04-21T21:37:48","modified_gmt":"2025-04-21T21:37:48","slug":"kit-economia","status":"publish","type":"product","link":"https:\/\/agenciaideall.com.br\/cruzeirocarnes\/produto\/kit-economia\/","title":{"rendered":"Kit Economia"},"content":{"rendered":"<p>\u2022 500g de Bisteca<br \/>\n\u2022 500g de Bife \u00e0 Rol\u00ea Su\u00edno<br \/>\n\u2022 500g de Perfil em Cubos<br \/>\n\u2022 500g de Fil\u00e9 Su\u00edno \u00e0 Milanesa<br \/>\n\u2022 500g de Fil\u00e9 de Peito de Frango<br \/>\n\u2022 500g de Strogonoff de Frango<br \/>\n\u2022 500g de Fil\u00e9 de Frango \u00e0 Milanesa<br \/>\n\u2022 500g de Drumet<\/p>\n","protected":false},"excerpt":{"rendered":"<p>\u2022 500g de Bisteca \u2022 500g de Bife \u00e0 Rol\u00ea Su\u00edno \u2022 500g de Perfil em Cubos \u2022 500g de Fil\u00e9 Su\u00edno \u00e0 Milanesa \u2022 500g<span class=\"excerpt-hellip\"> [\u2026]<\/span><\/p>\n","protected":false},"featured_media":448,"comment_status":"open","ping_status":"closed","template":"","meta":[],"product_cat":[50],"product_tag":[],"class_list":{"0":"post-445","1":"product","2":"type-product","3":"status-publish","4":"has-post-thumbnail","6":"product_cat-kits","8":"first","9":"instock","10":"shipping-taxable","11":"product-type-simple"},"_links":{"self":[{"href":"https:\/\/agenciaideall.com.br\/cruzeirocarnes\/wp-json\/wp\/v2\/product\/445","targetHints":{"allow":["GET"]}}],"collection":[{"href":"https:\/\/agenciaideall.com.br\/cruzeirocarnes\/wp-json\/wp\/v2\/product"}],"about":[{"href":"https:\/\/agenciaideall.com.br\/cruzeirocarnes\/wp-json\/wp\/v2\/types\/product"}],"replies":[{"embeddable":true,"href":"https:\/\/agenciaideall.com.br\/cruzeirocarnes\/wp-json\/wp\/v2\/comments?post=445"}],"wp:featuredmedia":[{"embeddable":true,"href":"https:\/\/agenciaideall.com.br\/cruzeirocarnes\/wp-json\/wp\/v2\/media\/448"}],"wp:attachment":[{"href":"https:\/\/agenciaideall.com.br\/cruzeirocarnes\/wp-json\/wp\/v2\/media?parent=445"}],"wp:term":[{"taxonomy":"product_cat","embeddable":true,"href":"https:\/\/agenciaideall.com.br\/cruzeirocarnes\/wp-json\/wp\/v2\/product_cat?post=445"},{"taxonomy":"product_tag","embeddable":true,"href":"https:\/\/agenciaideall.com.br\/cruzeirocarnes\/wp-json\/wp\/v2\/product_tag?post=445"}],"curies":[{"name":"wp","href":"https:\/\/api.w.org\/{rel}","templated":true}]}}