{"id":436,"date":"2025-04-21T21:02:43","date_gmt":"2025-04-21T21:02:43","guid":{"rendered":"https:\/\/agenciaideall.com.br\/cruzeirocarnes\/?post_type=product&#038;p=436"},"modified":"2025-04-21T21:05:30","modified_gmt":"2025-04-21T21:05:30","slug":"kit-dia-a-dia","status":"publish","type":"product","link":"https:\/\/agenciaideall.com.br\/cruzeirocarnes\/produto\/kit-dia-a-dia\/","title":{"rendered":"Kit Dia a Dia"},"content":{"rendered":"<p>Dispon\u00edvel em 3 tamanhos<br \/>\nP = 400g de cada \u00edtem<br \/>\nM = 800g de cada \u00edtem<br \/>\nG = 1.2kg de cada \u00edtem<\/p>\n<p>\u2022 Contra Fil\u00e9<br \/>\n\u2022 Bife \u00e0 Rol\u00ea<br \/>\n\u2022 Drumet (Coxa da Asa)<br \/>\n\u2022 Fil\u00e9 de Frango \u00e0 milanesa<br \/>\n\u2022 Fil\u00e9 de Frango<br \/>\n\u2022 Paleta Mo\u00edda<br \/>\n\u2022 Ac\u00e9m em Cubos<br \/>\n\u2022 Bisteca Su\u00edna<br \/>\n\u2022 Bife \u00e0 milanesa<br \/>\n\u2022 Strogonoff de Peito de Frango<\/p>\n","protected":false},"excerpt":{"rendered":"<p>Dispon\u00edvel em 3 tamanhos P = 400g de cada \u00edtem M = 800g de cada \u00edtem G = 1.2kg de cada \u00edtem \u2022 Contra Fil\u00e9 \u2022<span class=\"excerpt-hellip\"> [\u2026]<\/span><\/p>\n","protected":false},"featured_media":437,"comment_status":"open","ping_status":"closed","template":"","meta":[],"product_cat":[50],"product_tag":[],"class_list":{"0":"post-436","1":"product","2":"type-product","3":"status-publish","4":"has-post-thumbnail","6":"product_cat-kits","8":"first","9":"instock","10":"shipping-taxable","11":"product-type-simple"},"_links":{"self":[{"href":"https:\/\/agenciaideall.com.br\/cruzeirocarnes\/wp-json\/wp\/v2\/product\/436","targetHints":{"allow":["GET"]}}],"collection":[{"href":"https:\/\/agenciaideall.com.br\/cruzeirocarnes\/wp-json\/wp\/v2\/product"}],"about":[{"href":"https:\/\/agenciaideall.com.br\/cruzeirocarnes\/wp-json\/wp\/v2\/types\/product"}],"replies":[{"embeddable":true,"href":"https:\/\/agenciaideall.com.br\/cruzeirocarnes\/wp-json\/wp\/v2\/comments?post=436"}],"wp:featuredmedia":[{"embeddable":true,"href":"https:\/\/agenciaideall.com.br\/cruzeirocarnes\/wp-json\/wp\/v2\/media\/437"}],"wp:attachment":[{"href":"https:\/\/agenciaideall.com.br\/cruzeirocarnes\/wp-json\/wp\/v2\/media?parent=436"}],"wp:term":[{"taxonomy":"product_cat","embeddable":true,"href":"https:\/\/agenciaideall.com.br\/cruzeirocarnes\/wp-json\/wp\/v2\/product_cat?post=436"},{"taxonomy":"product_tag","embeddable":true,"href":"https:\/\/agenciaideall.com.br\/cruzeirocarnes\/wp-json\/wp\/v2\/product_tag?post=436"}],"curies":[{"name":"wp","href":"https:\/\/api.w.org\/{rel}","templated":true}]}}